s the ten thousands digit of 3064754?
6
What is the hundreds digit of 757226?
2
What is the ten millions digit of 56328829?
5
What is the hundred thousands digit of 101902044?
9
What is the thousands digit of 5699661605?
1
What is the ten millions digit of 227026739?
2
What is the thousands digit of 89668082?
8
What is the hundreds digit of 213172406?
4
What is the billions digit of 1616624378?
1
What is the tens digit of 628327152?
5
What is the thousands digit of 70077710?
7
What is the tens digit of 120448348?
4
What is the millions digit of 1554686?
1
What is the hundred thousands digit of 790763551?
7
What is the hundred thousands digit of 1117328494?
3
What is the tens digit of 1009931265?
6
What is the ten millions digit of 14027945?
1
What is the ten thousands digit of 47663918?
6
What is the millions digit of 21874370?
1
What is the millions digit of 26174401?
6
What is the units digit of 83700854?
4
What is the tens digit of 61744587?
8
What is the hundreds digit of 704158103?
1
What is the billions digit of 2155097859?
2
What is the hundreds digit of 889693665?
6
What is the tens digit of 57054349?
4
What is the millions digit of 1185988158?
5
What is the ten thousands digit of 381040779?
4
What is the hundred thousands digit of 27041936?
0
What is the units digit of 684271486?
6
What is the thousands digit of 175139458?
9
What is the ten millions digit of 35478798?
3
What is the hundred thousands digit of 485267295?
2
What is the units digit of 343731826?
6
What is the ten thousands digit of 36918288?
1
What is the hundred millions digit of 267953149?
2
What is the ten thousands digit of 5554807481?
0
What is the thousands digit of 55107700?
7
What is the tens digit of 162701965?
6
What is the hundreds digit of 488950958?
9
What is the thousands digit of 30205352?
5
What is the hundreds digit of 38982661?
6
What is the hundreds digit of 470858677?
6
What is the units digit of 34517573?
3
What is the hundreds digit of 4104196829?
8
What is the units digit of 81312949?
9
What is the units digit of 7494948?
8
What is the ten millions digit of 4888767640?
8
What is the hundred thousands digit of 689840855?
8
What is the tens digit of 532542521?
2
What is the hundred thousands digit of 9732548?
7
What is the thousands digit of 82904506?
4
What is the millions digit of 345080251?
5
What is the tens digit of 6744789389?
8
What is the ten millions digit of 510758126?
1
What is the billions digit of 2284082340?
2
What is the ten thousands digit of 261997193?
9
What is the thousands digit of 671262905?
2
What is the units digit of 110380527?
7
What is the millions digit of 21002993?
1
What is the hundred millions digit of 2377087315?
3
What is the millions digit of 180887321?
0
What is the millions digit of 54955058?
4
What is the hundred thousands digit of 40363823?
3
What is the ten thousands digit of 1818972429?
7
What is the hundred millions digit of 557262127?
5
What is the ten millions digit of 620001389?
2
What is the millions digit of 21265583?
1
What is the hundreds digit of 174206583?
5
What is the hundreds digit of 6577534361?
3
What is the hundred thousands digit of 4469115?
4
What is the ten thousands digit of 205835639?
3
What is the thousands digit of 173153828?
3
What is the ten millions digit of 418792640?
1
What is the ten thousands digit of 70537486?
3
What is the ten thousands digit of 3145783?
4
What is the ten thousands digit of 1312216150?
1
What is the hundred millions digit of 400938059?
4
What is the hundred thousands digit of 600587147?
5
What is the ten thousands digit of 48201236?
0
What is the tens digit of 709888989?
8
What is the billions digit of 2207779248?
2
What is the units digit of 451028814?
4
What is the hundreds digit of 971762225?
2
What is the hundred thousands digit of 364067542?
0
What is the hundreds digit of 206121987?
9
What is the ten millions digit of 144711223?
4
What is the hundreds digit of 3859281556?
5
What is the tens digit of 3914304260?
6
What is the millions digit of 137403769?
7
What is the thousands digit of 3739945727?
5
What is the thousands digit of 97281212?
1
What is the billions digit of 1520868871?
1
What is the ten millions digit of 409980388?
0
What is the hundreds digit of 1435396829?
8
What is the hundred thousands digit of 2557336786?
3
What is the tens digit of 179470882?
8
What is the hundred thousands digit of 703094365?
0
What is the hundreds digit of 646916273?
2
What is the ten thousands digit of 60609805?
0
What is the hundred thousands digit of 281101090?
1
What is the tens digit of 80543562?
6
What is the hundreds digit of 545763515?
5
What is the hundred thousands digit of 529134419?
1
What is the thousands digit of 4515356?
5
What is the ten thousands digit of 3562141478?
4
What is the millions digit of 4488933888?
8
What is the tens digit of 70061661?
6
What is the ten thousands digit of 43882226?
8
What is the hundred millions digit of 526824215?
5
What is the units digit of 59729983?
3
What is the hundreds digit of 2956947104?
1
What is the tens digit of 5206666981?
8
What is the hundreds digit of 1011072500?
5
What is the hundred millions digit of 2059193389?
0
What is the ten thousands digit of 46309692?
0
What is the millions digit of 46808977?
6
What is the tens digit of 156714932?
3
What is the hundred millions digit of 787633131?
7
What is the hundred millions digit of 170218784?
1
What is the ten millions digit of 59729389?
5
What is the hundred thousands digit of 32976560?
9
What is the ten millions digit of 4141940759?
4
What is the ten millions digit of 115545612?
1
What is the hundreds digit of 4958964?
9
What is the hundred thousands digit of 4054955?
0
What is the thousands digit of 44039348?
9
What is the units digit of 16179087?
7
What is the hundreds digit of 141737913?
9
What is the thousands digit of 47149092?
9
What is the ten thousands digit of 2038192320?
9
What is the hundred millions digit of 1003745618?
0
What is the tens digit of 251564241?
4
What is the millions digit of 2435740378?
5
What is the tens digit of 1221217288?
8
What is the tens digit of 30934491?
9
What is the millions digit of 109091959?
9
What is the ten millions digit of 3875189392?
7
What is the tens digit of 1968146028?
2
What is the hundred thousands digit of 17503860?
5
What is the hundred millions digit of 8094061079?
0
What is the millions digit of 75840690?
5
What is the hundred millions digit of 709789949?
7
What is the millions digit of 4920487326?
0
What is the tens digit of 259599147?
4
What is the ten millions digit of 217452474?
1
What is the hundreds digit of 69676393?
3
What is the tens digit of 194616853?
5
What is the ten millions digit of 18992444?
1
What is the thousands digit of 2024422230?
2
What is the ten thousands digit of 292877998?
7
What is the ten thousands digit of 122347140?
4
What is the tens digit of 3443653510?
1
What is the ten thousands digit of 9686936?
8
What is the tens digit of 87343102?
0
What is the hundred thousands digit of 191237339?
2
What is the hundred thousands digit of 183280796?
2
What is the hundreds digit of 1754963768?
7
What is the units digit of 51840676?
6
What is the millions digit of 128647397?
8
What is the hundred thousands digit of 486608938?
6
What is the ten thousands digit of 6487534791?
3
What is the ten thousands digit of 109976680?
7
What is the ten millions digit of 1158544420?
5
What is the ten millions digit of 742307768?
4
What is the hundred thousands digit of 47443106?
4
What is the tens digit of 699864784?
8
What is the tens digit of 78785164?
6
What is the tens digit of 6681500086?
8
What is the units digit of 2257661783?
3
What is the millions digit of 52055177?
2
What is the tens digit of 24972031?
3
What is the units digit of 207177501?
1
What is the tens digit of 1692664575?
7
What is the tens digit of 404863181?
8
What is the ten millions digit of 332196019?
3
What is the millions digit of 368638081?
8
What is the hundred thousands digit of 695943459?
9
What is the hundred millions digit of 188403045?
1
What is the units digit of 7793555?
5
What is the hundred thousands digit of 145749879?
7
What is the millions digit of 18898039?
8
What is the ten thousands digit of 155439606?
3
W